x(i) = -i**3 + 8*i**2 + 16*i + 62. Calculate x(10).
22
Let n(b) = 22*b**2 + 62*b + 27. Give n(-2).
-9
Let w(s) = 62*s - 1051. Calculate w(17).
3
Let x(p) = 96*p + 374. Give x(-7).
-298
Let f(v) = -v**3 - 21*v**2 - 95*v + 146. What is f(-10)?
-4
Let o(i) = 15*i - 38. What is o(3)?
7
Let r(t) = 128*t**2 - 641*t. What is r(5)?
-5
Let j(q) = 7*q - 332. Calculate j(49).
11
Let u(d) = -d**3 + 16*d**2 - 10*d - 82. Determine u(15).
-7
Let y(s) = s**3 + 24*s**2 + 106*s - 13. Calculate y(-6).
-1
Let u(a) = -a**3 - 72*a**2 + 87*a + 1034. Give u(-73).
12
Let o(c) = -c**2 + 26*c - 167. Determine o(16).
-7
Let d(x) = x**3 + 26*x**2 + 85*x + 324. Calculate d(-23).
-44
Let h(o) = -o**3 - 2*o**2 + 47*o + 102. Determine h(-6).
-36
Let h(s) = 3*s**2 - 5044*s + 138875. What is h(28)?
-5
Let a(b) = -b**3 + 40*b**2 - 9*b + 366. What is a(40)?
6
Let g(a) = 90*a - 1585. Determine g(18).
35
Let x(t) = -t**3 + t**2 + 7*t + 193. Determine x(0).
193
Let a(o) = 33*o + 1282. Calculate a(-38).
28
Let d(b) = b**3 - 3*b**2 + 7*b - 37. What is d(6)?
113
Let i(q) = 27*q - 241. Determine i(14).
137
Let g(n) = -13*n**2 - 40*n + 101. What is g(3)?
-136
Let b(y) = -y**3 - 13*y**2 - 8*y + 15. Calculate b(-11).
-139
Let b(u) = 5*u**3 - 9*u**2 - 26*u + 66. Calculate b(3).
42
Let m(v) = -v**2 + 31*v - 229. Determine m(13).
5
Let p(d) = d**3 + 121*d**2 - 380*d - 990. Determine p(-124).
2
Let a(q) = -22*q + 359. What is a(15)?
29
Let y(u) = -5*u**2 + 85*u + 99. Give y(19).
-91
Let h(g) = -22*g - 4958. Give h(-225).
-8
Let x(i) = -4*i**3 + 2*i**2 - 8*i + 4. Give x(1).
-6
Let m(l) = 3*l**2 - 95*l - 14. Determine m(33).
118
Let k(s) = 2*s**3 + 116*s**2 + 338*s + 411. Give k(-55).
-29
Let h(a) = -4*a**2 - 99*a - 758. Determine h(-7).
-261
Let a(v) = 3*v**2 + 66*v + 45. Determine a(-21).
-18
Let h(g) = 54*g - 5994. Give h(111).
0
Let v(p) = 16*p**2 - 132*p - 377. What is v(-3)?
163
Let k(m) = -m**2 - 215*m + 170351. What is k(319)?
5
Let n(d) = d**2 - 59*d - 36. What is n(60)?
24
Let i(k) = -161*k + 141. Calculate i(1).
-20
Let a(d) = -3*d**2 + 39*d - 159. What is a(7)?
-33
Let w(n) = -23*n**2 - 1626*n - 1118. Calculate w(-70).
2
Let g(i) = -83*i - 4721. Determine g(-57).
10
Let j(a) = a**2 + 43*a - 1103. Calculate j(-61).
-5
Let n(c) = 42*c - 148. Calculate n(2).
-64
Let t(k) = k**3 - 7*k**2 - 18*k + 37. What is t(7)?
-89
Let w(n) = -2*n - 90. Calculate w(-44).
-2
Let l(g) = 129*g**2 - 244*g + 2. Determine l(2).
30
Let w(y) = -490*y + 46542. What is w(95)?
-8
Let c(o) = 129*o + 2810. Give c(-22).
-28
Let x(o) = -o**2 + 135*o - 4022. Give x(44).
-18
Let h(i) = -i**2 - 84*i + 1637. What is h(-100)?
37
Let k(s) = -12694*s - 63481. Calculate k(-5).
-11
Let a(g) = -3*g**3 + 53*g**2 + 5*g - 699. What is a(17)?
-36
Let s(m) = m**3 + 2*m**2 - 437*m + 63. Give s(-22).
-3
Let u(j) = -2*j**3 - 109*j**2 - 187*j + 50. What is u(-2)?
4
Let y(z) = z**3 - 17*z**2 - 6*z - 189. What is y(18)?
27
Let l(g) = 9*g**3 + 3*g**2 + 219*g + 220. Determine l(-1).
-5
Let p(l) = -27*l**2 - 2647*l + 8083. Determine p(-101).
3
Let b(y) = -2*y**3 - 9*y - 48. Give b(0).
-48
Let s(a) = 4*a**2 - 241*a - 306. Calculate s(62).
128
Let b(k) = k**2 - 128*k - 15518. Give b(-76).
-14
Let o(d) = -2*d**3 + 52*d**2 - 27*d - 584. Give o(25).
-9
Let o(j) = -j - 941. Calculate o(67).
-1008
Let d(g) = 126*g - 520. Give d(5).
110
Let z(g) = 75*g + 146. What is z(-2)?
-4
Let i(w) = -5*w**2 - 27*w - 109. What is i(-6)?
-127
Let n(b) = b**3 - 36*b**2 - 20*b + 717. Calculate n(36).
-3
Let q(z) = 3*z**3 - 299*z**2 + 201*z - 238. Determine q(99).
59
Let o(f) = -1854*f - 31511. Calculate o(-17).
7
Let t(y) = y**2 - 294*y + 20240. What is t(184)?
0
Let l(w) = 16*w + 554. Determine l(-29).
90
Let d(j) = 54*j**3 - 8*j**2 + 6*j - 3. Give d(1).
49
Let q(u) = 88*u - 7309. What is q(83)?
-5
Let q(b) = 20*b**2 - 7*b - 31. What is q(-3)?
170
Let n(o) = -12*o**2 - 4*o - 6. Calculate n(-2).
-46
Let x(m) = -30*m - 177. Calculate x(-7).
33
Let a(v) = v**2 - 233*v - 3728. Give a(-15).
-8
Let l(p) = 104*p - 929. What is l(8)?
-97
Let n(f) = f**3 + 7*f**2 + 16*f - 39. What is n(-4)?
-55
Let j(o) = o**3 + 23*o**2 + 94*o - 354. Calculate j(-13).
114
Let w(s) = 10*s**2 + 1100*s - 2. Give w(-110).
-2
Let s(m) = -485*m - 11170. Calculate s(-23).
-15
Let t(k) = 1100*k - 14294. Calculate t(13).
6
Let o(h) = -3*h**3 + h**2 + h + 299. Give o(0).
299
Let n(a) = a**2 + 467*a - 2793. Determine n(6).
45
Let q(o) = -o**2 + 46*o - 189. What is q(25)?
336
Let x(r) = 7*r**3 - 11*r**2 - 6*r + 3. What is x(3)?
75
Let u(n) = 1779*n + 3561. Give u(-2).
3
Let h(n) = -3*n**3 + 468*n**2 - 1822*n - 305. Determine h(152).
-1
Let v(d) = 58*d - 227. Give v(4).
5
Let s(x) = x**3 + 29*x**2 - 86*x + 318. Determine s(-32).
-2
Let p(u) = -551*u + 11566. Determine p(21).
-5
Let g(q) = -8*q - 25. Give g(15).
-145
Let d(v) = -20*v**2 + 1556*v + 1907. Calculate d(79).
11
Let n(x) = 36*x - 263. Determine n(8).
25
Let q(v) = -34*v + 615. Calculate q(29).
-371
Let x(i) = 18*i**2 - 106*i + 2. Give x(-1).
126
Let m(q) = -q**3 + 47*q**2 + 54*q - 291. Determine m(48).
-3
Let c(i) = -158*i**3 - 160*i**2 + 3*i + 3. Calculate c(-1).
-2
Let z(a) = -62*a - 1745. Give z(-28).
-9
Let v(o) = o**3 - 34*o**2 + 64*o - 5. Give v(32).
-5
Let c(h) = -h**2 - 33*h - 45. Calculate c(5).
-235
Let k(q) = -2*q**3 - 78*q**2 + 92. Calculate k(-39).
92
Let p(y) = -80*y + 3106. Determine p(37).
146
Let h(x) = x**3 - 57*x**2 - 3*x + 151. Give h(57).
-20
Let k(m) = 155*m - 902. Give k(6).
28
Let d(i) = -25*i + 194. Determine d(8).
-6
Let t(r) = -4*r - 20. What is t(-8)?
12
Let i(b) = -160*b - 58. What is i(-1)?
102
Let d(x) = -x + 43. Calculate d(-11).
54
Let x(h) = 153*h - 10269. What is x(67)?
-18
Let d(r) = -r**3 - 10*r**2 - 5*r - 587. Determine d(0).
-587
Let r(v) = 68*v - 94. Determine r(1).
-26
Let f(m) = -m**3 - 42*m**2 - 40*m + 1600. Determine f(-40).
0
Let x(p) = p**3 + 98*p**2 - 196*p + 440. Calculate x(-100).
40
Let c(r) = 2*r**3 + 51*r**2 - 17*r + 118. Determine c(-26).
-116
Let x(y) = 59*y - 205. What is x(4)?
31
Let z(u) = -5*u**2 - 476*u + 1367. What is z(-98)?
-5
Let o(q) = -5*q - 47. Calculate o(-6).
-17
Let d(l) = l**3 - 10*l**2 + 11*l - 29. What is d(6)?
-107
Let o(n) = 4*n**3 + 32*n**2 + 8*n + 7. Calculate o(-7).
147
Let m(k) = -108*k + 395. What is m(4)?
-37
Let b(x) = 22*x + 76. Give b(-3).
10
Let f(o) = -4*o**2 + 93*o + 40. Determine f(31).
-921
Let q(j) = -45*j**2 + 11*j + 11. Calculate q(-1).
-45
Let b(r) = r**3 - 109*r**2 + 210*r + 421. Determine b(107).
-7
Let d(p) = 15*p + 121. Calculate d(-22).
-209
Let u(k) = -k**2 + 82*k - 1300. Calculate u(19).
-103
Let v(q) = -q**2 - 6*q + 2. Calculate v(1).
-5
Let n(c) = 4*c**3 - 45*c**2 + 81*c - 12. Determine n(2).
2
Let c(m) = -m**3 + 110*m**2 + 631*m - 19948. What is c(114)?
2
Let z(h) = -7*h**2 - 17*h + 92. What is z(5)?
-168
Let k(o) = 2*o**2 + 84*o + 85. Determine k(-1).
3
Let y(q) = -q**2 - 51*q - 20. Give y(7).
-426
Let p(i) = -3*i**2 - 14*i + 33. Calculate p(6).
-159
Let x(f) = -72*f - 10015. What is x(-139)?
-7
Let k(d) = 12*d**2 + 16*d - 1. Determine k(-1).
-5
Let a(s) = -3*s**3 + 18*s**2 + 8*s - 72. Calculate a(5).
43
Let m(l) = 20*l + 383. Give m(-36).
-337
Let c(i) = i**3 + 59*i**2 - 119*i + 112. Give c(-61).
-71
Let t(k) = -k**3 - 96*k**2 + 289*k + 31. Give t(3).
7
Let y(l) = 22*l - 155. Give y(10).
65
Let c(h) = h**3 - 202*h**2 - 206*h + 617. What is c(203)?
8
Let z(g) = -5*g**2 + 520*g - 82. Determine z(104).
-82
Let i(f) = f**3 - 5*f**2 - 369*f + 3187. Give i(10).
-3
Let l(t) = -2*t**2 + 3*t - 82. Give l(10).
-252
Let z(x) = -1356*x + 82731. Calculate z(61).
15
Let q(o) = -8*o**2 - 421*o - 144. Give q(-52).
116
Let f(k) = 154*k - 22944. Determine f(149).
2
Let g(h) = -20*h**2 - 277*h - 1410. Determine g(-5).
-525
Let c(r) = 23*r + 297. Give c(-13).
-2
Let r(n) = n**3 - 18*n**2 + 26*n - 99. What is r(16)?
-195
Let x(m) = m**3 - 103*m**2 + 194*m + 927. Give x(101).
119
Let h(f) = -1441*f - 15878. Give h(-11).
-27
Let k(a) = -2*a**3 + 131*a**2 - 320*a + 329. Determine k(63).
14
Let p(l) = -l**3 + 6*l**2 + 5*l - 13. What is p(3)?
29
Let u(n) = 55314*n + 6. Determine u(0).
6
Let w(k) = 3*k**2 + 22*k - 80. Determine w(-10).
0
Let a(p) = -13*p - 153. Give a(-11).
-10
Let g(q) = q**2 + 12*q - 88. What is g(-21)?
101
Let q(g) = 863*g + 80257. What is 